{"id":1096,"date":"2024-10-23T14:17:56","date_gmt":"2024-10-23T11:17:56","guid":{"rendered":"https:\/\/bunyan.bel.tr\/havuz\/?page_id=1096"},"modified":"2024-10-23T14:17:59","modified_gmt":"2024-10-23T11:17:59","slug":"gizlilik-politikasi","status":"publish","type":"page","link":"https:\/\/bunyan.bel.tr\/havuz\/gizlilik-politikasi\/","title":{"rendered":"Gizlilik Politikas\u0131"},"content":{"rendered":"<h2 class=\"wp-block-heading\">Biz kimiz<\/h2><p>Sitemizin adresi: https:\/\/bunyan.bel.tr\/havuz.<\/p><h2 class=\"wp-block-heading\">Yorumlar<\/h2><p>Ziyaret\u00e7iler sitede yorum yapt\u0131\u011f\u0131nda, yorum formunda g\u00f6r\u00fcnt\u00fclenen verilerin yan\u0131nda istenmeyen yorumlar\u0131n alg\u0131lanmas\u0131na yard\u0131mc\u0131 olacak ziyaret\u00e7i IP adresi ve taray\u0131c\u0131 bilgilerini de toplar\u0131z.<\/p><p>Gravatar hizmetine, kullan\u0131p kullanmad\u0131\u011f\u0131n\u0131z\u0131 g\u00f6rmek i\u00e7in e-posta adresinizden olu\u015fturulmu\u015f anonimle\u015ftirilmi\u015f bir metin (karma olarak da adland\u0131r\u0131l\u0131r) g\u00f6nderilebilir. Gravatar hizmetinin gizlilik ilkesi \u015fu adreste bulunabilir: https:\/\/automattic.com\/privacy\/. Yorumunuzun onaylanmas\u0131ndan sonra profil g\u00f6rseliniz yorumunuzla birlikte herkese g\u00f6r\u00fcnt\u00fclenir.<\/p><h2 class=\"wp-block-heading\">Ortamlar<\/h2><p>Sitenize g\u00f6rselleri y\u00fckl\u00fcyorsan\u0131z, g\u00f6m\u00fclm\u00fc\u015f konum verileri (EXIF GPS) bulunan g\u00f6rseller y\u00fcklemekten ka\u00e7\u0131nmal\u0131s\u0131n\u0131z. Site ziyaret\u00e7ileri, sitedeki g\u00f6rselleri indirip i\u00e7indeki konum bilgilerini \u00f6\u011frenebilir.<\/p><h2 class=\"wp-block-heading\">\u00c7erezler<\/h2><p>Sitemizde bir yorum yaparsan\u0131z, ad\u0131n\u0131z\u0131n, e-posta adresinizin ve site adresinizin \u00e7erezlere kaydedilmesini se\u00e7ebilirsiniz. Bunlar size kolayl\u0131k sa\u011flamak i\u00e7indir. B\u00f6ylece ba\u015fka bir yorum yapt\u0131\u011f\u0131n\u0131zda bilgilerinizi yeniden yazman\u0131z gerekmez. Bu \u00e7erezler bir y\u0131l saklan\u0131r.<\/p><p>Oturum a\u00e7ma sayfam\u0131z\u0131 ziyaret ederseniz, taray\u0131c\u0131n\u0131z\u0131n \u00e7erezleri kabul edip etmedi\u011fini belirlemek i\u00e7in ge\u00e7ici bir \u00e7erez ayarlayaca\u011f\u0131z. Bu \u00e7erezde herhangi bir ki\u015fisel veri bulunmaz ve taray\u0131c\u0131n\u0131z\u0131 kapatt\u0131\u011f\u0131n\u0131zda yok edilir.<\/p><p>Oturum a\u00e7t\u0131\u011f\u0131n\u0131zda, oturum a\u00e7ma bilgilerinizi ve ekran g\u00f6r\u00fcnt\u00fcleme se\u00e7iminizi kaydetmek i\u00e7in birka\u00e7 \u00e7erez kaydedece\u011fiz. Oturum a\u00e7ma \u00e7erezleri iki g\u00fcn ve ekran se\u00e7enekleri \u00e7erezleri bir y\u0131l boyunca tutulur. &#8220;Beni hat\u0131rla&#8221; se\u00e7ene\u011fini se\u00e7erseniz, oturumunuz iki hafta boyunca etkin kal\u0131r. Hesab\u0131n\u0131z\u0131n oturumunu kapat\u0131rsanz, oturum a\u00e7ma \u00e7erezleri kald\u0131r\u0131l\u0131r.<\/p><p>Bir yaz\u0131y\u0131 d\u00fczenler ya da yay\u0131nlarsan\u0131z taray\u0131c\u0131n\u0131za ek bir \u00e7erez kaydedilir. Bu \u00e7erezde herhangi bir ki\u015fisel veri bulunmaz ve yaln\u0131zca d\u00fczenledi\u011finiz yaz\u0131n\u0131n kimli\u011fi bulunur. 1 g\u00fcn sonra zaman a\u015f\u0131m\u0131na u\u011frar.<\/p><h2 class=\"wp-block-heading\">Di\u011fer sitelerden g\u00f6m\u00fclen i\u00e7erik<\/h2><p>Bu sitedeki yaz\u0131larda g\u00f6m\u00fcl\u00fc i\u00e7erik (videolar, g\u00f6rseller, yaz\u0131lar gibi) bulunabilir. Di\u011fer sitelerden g\u00f6m\u00fclen i\u00e7erikler, ziyaret\u00e7i di\u011fer siteyi ziyaret etti\u011findeki ile ayn\u0131 \u015fekilde davran\u0131r.<\/p><p>Bu siteler sizin hakk\u0131n\u0131zda veriler toplayabilir, \u00e7erezler kullanabilir, \u00fc\u00e7\u00fcnc\u00fc taraflarca g\u00f6m\u00fclm\u00fc\u015f izlemeler yapabilir ve g\u00f6m\u00fcl\u00fc i\u00e7eriklerle etkile\u015fiminizi izleyebilir. Bir hesab\u0131n\u0131z varsa ve bu sitede oturum a\u00e7t\u0131ysan\u0131z, g\u00f6m\u00fclen i\u00e7erikle etkle\u015fiminiz izlenebilir.<\/p><h2 class=\"wp-block-heading\">Verinizi kimlerle payla\u015f\u0131yoruz<\/h2><p>Parola s\u0131f\u0131rlama iste\u011finde bulundu\u011funuzda, IP adresiniz s\u0131f\u0131rlama e-postas\u0131na eklenir.<\/p><h2 class=\"wp-block-heading\">Verilerinizi ne s\u00fcreyle tutuyoruz<\/h2><p>Bir yorum yaparsan\u0131z, yorum ve \u00fcst verileri s\u00fcresiz olarak saklan\u0131r. B\u00f6ylece, sonraki yorumlar\u0131n\u0131z\u0131 onay s\u0131ras\u0131na almak yerine otomatik olarak tan\u0131yabilir ve onaylayabiliriz.<\/p><p>Sitemizde hesap a\u00e7an kullan\u0131c\u0131lar i\u00e7in (varsa) kullan\u0131c\u0131 profilinde verdikleri ki\u015fisel bilgileri de saklar\u0131z. T\u00fcm kullan\u0131c\u0131lar ki\u015fisel bilgilerini istedikleri zaman g\u00f6rebilir, d\u00fczenleyebilir ya da silebilir (kullan\u0131c\u0131 ad\u0131n\u0131 de\u011fi\u015ftirmek d\u0131\u015f\u0131nda). Site y\u00f6neticileri de bu bilgileri g\u00f6rebilir ve d\u00fczenleyebilir.<\/p><h2 class=\"wp-block-heading\">Verileriniz \u00fczerindeki haklar\u0131n\u0131z neler<\/h2><p>Bu sitede bir hesab\u0131n\u0131z veya yorumlar\u0131n\u0131z varsa, bize verdi\u011finiz veriler ile birlikte, hakk\u0131n\u0131zda tuttu\u011fumuz ki\u015fisel verileri dosya olarak d\u0131\u015fa aktarmak isteyebilirsiniz. Ayr\u0131ca, sizinle ilgili tuttu\u011fumuz t\u00fcm ki\u015fisel verilerin silinmesini de isteyebilirsiniz. Silinecek veriler, idari, yasal veya g\u00fcvenlik ama\u00e7lar\u0131yla tutmak zorunda oldu\u011fumuz verileri kapsamaz.<\/p><h2 class=\"wp-block-heading\">Verilerinizin g\u00f6nderildi\u011fi yer<\/h2><p>Ziyaret\u00e7i yorumlar\u0131 otomatik istenmeyen yorum alg\u0131lama hizmeti ile kontrol edilebilir.<\/p><p>Ma\u011fazam\u0131zda \u00f6deme i\u015flemi s\u0131ras\u0131nda sizinle ilgili bilgileri topluyoruz.<\/p><h2 class=\"wp-block-heading\">Neleri toplar ve saklar\u0131z?<\/h2><p>Siz sitemizi ziyaret ederken, biz \u015funlar\u0131 izleriz:<\/p><ul class=\"wp-block-list\"><li>G\u00f6r\u00fcnt\u00fcledi\u011finiz \u00fcr\u00fcnler: \u00d6rne\u011fin, en son g\u00f6r\u00fcnt\u00fcledi\u011finiz \u00fcr\u00fcnleri g\u00f6stermek i\u00e7in bunu kullan\u0131r\u0131z<\/li>\n\n<li>Yer, IP adresi ve taray\u0131c\u0131 t\u00fcr\u00fc: Vergi ve g\u00f6nderim tahmini gibi ama\u00e7lar i\u00e7in bunu kullan\u0131r\u0131z<\/li>\n\n<li>G\u00f6nderim adresi: Bunu girmenizi talep ederiz, b\u00f6ylece sipari\u015f vermeden \u00f6nce g\u00f6nderim i\u015flemini tahmin edebilir ve sipari\u015finizi g\u00f6nderebiliriz!<\/li><\/ul><p>Siz sitemize g\u00f6z atarken, al\u0131\u015fveri\u015f sepeti i\u00e7eri\u011fini takip etmek i\u00e7in \u00e7erezleri (tan\u0131mlama bilgilerini) de kullanaca\u011f\u0131z.<\/p><p>Bizden bir \u015fey sat\u0131n ald\u0131\u011f\u0131n\u0131zda, ad\u0131n\u0131z\u0131, fatura adresinizi, g\u00f6nderim adresinizi, e-posta adresinizi, telefon numaran\u0131z\u0131, kredi kart\u0131 \/ \u00f6deme ayr\u0131nt\u0131lar\u0131n\u0131z\u0131 ve kullan\u0131c\u0131 ad\u0131 ve \u015fifre gibi iste\u011fe ba\u011fl\u0131 hesap bilgilerini i\u00e7eren bilgileri vermenizi talep ederiz. Bu bilgileri \u015fu gibi ama\u00e7larla kullan\u0131r\u0131z:<\/p><ul class=\"wp-block-list\"><li>Hesab\u0131n\u0131z ve sipari\u015finiz hakk\u0131nda size bilgi g\u00f6ndermek<\/li>\n\n<li>Geri \u00f6demeler ve \u015fikayetler dahil olmak \u00fczere isteklerinizi yan\u0131tlamak<\/li>\n\n<li>\u00d6demeleri i\u015flemek ve sahtecili\u011fi \u00f6nlemek<\/li>\n\n<li>Ma\u011fazam\u0131z i\u00e7in hesab\u0131n\u0131z\u0131 olu\u015fturmak<\/li>\n\n<li>Fatura kesmek gibi yasal y\u00fck\u00fcml\u00fcl\u00fckleri yerine getirmek<\/li>\n\n<li>Ma\u011faza tekliflerimizi iyile\u015ftirmek<\/li>\n\n<li>Almay\u0131 se\u00e7erseniz size reklam ve promosyon mesajlar\u0131 g\u00f6ndermek<\/li><\/ul><p>Bir hesap olu\u015fturursan\u0131z, ad\u0131n\u0131z\u0131, adresinizi, e-postan\u0131z\u0131 ve telefon numaran\u0131z\u0131 saklayaca\u011f\u0131z. Bu bilgiler, gelecekteki sipari\u015fler i\u00e7in \u00f6deme yapmak istedi\u011finizde kullan\u0131lacakt\u0131r.<\/p><p>Sizinle ilgili bilgileri ihtiya\u00e7 duydu\u011fumuz s\u00fcrece ve yasal s\u00fcre boyunca saklar\u0131z. \u00d6rne\u011fin, vergi ve muhasebe ama\u00e7lar\u0131 i\u00e7in 10 y\u0131ll\u0131k sipari\u015f bilgilerini saklayaca\u011f\u0131z. Bu, ad\u0131n\u0131z\u0131, e-posta adresinizi, fatura ve g\u00f6nderim adreslerini i\u00e7erir.<\/p><p>E\u011fer eklerseniz, ma\u011faza yorumlar\u0131n\u0131 veya de\u011ferlendirmelerini de saklar\u0131z.<\/p><h2 class=\"wp-block-heading\">Ekibimizde eri\u015fimi olanlar<\/h2><p>Ekibimizin \u00fcyeleri bize sa\u011flad\u0131\u011f\u0131n\u0131z bilgilere eri\u015febilir. \u00d6rne\u011fin, hem Y\u00f6neticiler hem de Ma\u011faza Y\u00f6neticileri \u015funlara eri\u015febilir:<\/p><ul class=\"wp-block-list\"><li>Neyin, ne zaman sat\u0131n al\u0131nd\u0131\u011f\u0131 ve nereye g\u00f6nderilmesi gerekti\u011fi gibi sipari\u015f bilgileri ve<\/li>\n\n<li>Ad\u0131n\u0131z, e-posta adresiniz, fatura ve g\u00f6nderim bilgileriniz gibi m\u00fc\u015fteri bilgileri.<\/li><\/ul><p>Ekip \u00fcyelerimiz, sipari\u015fleri ger\u00e7ekle\u015ftirmek, geri \u00f6deme i\u015flemlerini y\u00fcr\u00fctmek ve size yard\u0131mc\u0131 olmak i\u00e7in bu bilgilere eri\u015febilir.<\/p>","protected":false},"excerpt":{"rendered":"<p>Biz kimiz Sitemizin adresi: https:\/\/bunyan.bel.tr\/havuz. Yorumlar Ziyaret\u00e7iler sitede yorum yapt\u0131\u011f\u0131nda, yorum formunda g\u00f6r\u00fcnt\u00fclenen verilerin yan\u0131nda istenmeyen yorumlar\u0131n alg\u0131lanmas\u0131na yard\u0131mc\u0131 olacak ziyaret\u00e7i IP adresi ve taray\u0131c\u0131 bilgilerini de toplar\u0131z. Gravatar hizmetine, kullan\u0131p kullanmad\u0131\u011f\u0131n\u0131z\u0131 g\u00f6rmek i\u00e7in e-posta adresinizden olu\u015fturulmu\u015f anonimle\u015ftirilmi\u015f bir metin (karma olarak da adland\u0131r\u0131l\u0131r) g\u00f6nderilebilir. Gravatar hizmetinin gizlilik ilkesi \u015fu adreste bulunabilir: https:\/\/automattic.com\/privacy\/. Yorumunuzun onaylanmas\u0131ndan&hellip;&nbsp;<a href=\"https:\/\/bunyan.bel.tr\/havuz\/gizlilik-politikasi\/\" rel=\"bookmark\">Daha fazlas\u0131n\u0131 oku &raquo;<span class=\"screen-reader-text\">Gizlilik Politikas\u0131<\/span><\/a><\/p>\n","protected":false},"author":1,"featured_media":0,"parent":0,"menu_order":0,"comment_status":"closed","ping_status":"closed","template":"","meta":{"neve_meta_sidebar":"","neve_meta_container":"","neve_meta_enable_content_width":"","neve_meta_content_width":0,"neve_meta_title_alignment":"","neve_meta_author_avatar":"","neve_post_elements_order":"","neve_meta_disable_header":"","neve_meta_disable_footer":"","neve_meta_disable_title":"","footnotes":""},"class_list":["post-1096","page","type-page","status-publish","hentry"],"_links":{"self":[{"href":"https:\/\/bunyan.bel.tr\/havuz\/wp-json\/wp\/v2\/pages\/1096"}],"collection":[{"href":"https:\/\/bunyan.bel.tr\/havuz\/wp-json\/wp\/v2\/pages"}],"about":[{"href":"https:\/\/bunyan.bel.tr\/havuz\/wp-json\/wp\/v2\/types\/page"}],"author":[{"embeddable":true,"href":"https:\/\/bunyan.bel.tr\/havuz\/wp-json\/wp\/v2\/users\/1"}],"replies":[{"embeddable":true,"href":"https:\/\/bunyan.bel.tr\/havuz\/wp-json\/wp\/v2\/comments?post=1096"}],"version-history":[{"count":0,"href":"https:\/\/bunyan.bel.tr\/havuz\/wp-json\/wp\/v2\/pages\/1096\/revisions"}],"wp:attachment":[{"href":"https:\/\/bunyan.bel.tr\/havuz\/wp-json\/wp\/v2\/media?parent=1096"}],"curies":[{"name":"wp","href":"https:\/\/api.w.org\/{rel}","templated":true}]}}